 is the hundreds digit of 7272532993?
9
What is the millions digit of 72644333?
2
What is the hundred millions digit of 803543420?
8
What is the hundred thousands digit of 1874116685?
1
What is the hundred thousands digit of 2281201321?
2
What is the ten thousands digit of 67065858?
6
What is the ten millions digit of 4795667504?
9
What is the millions digit of 762342710?
2
What is the tens digit of 6118451?
5
What is the ten millions digit of 343415809?
4
What is the ten thousands digit of 5021597029?
9
What is the units digit of 202160203?
3
What is the thousands digit of 104584930?
4
What is the hundreds digit of 134042426?
4
What is the thousands digit of 176043185?
3
What is the millions digit of 41531948?
1
What is the ten thousands digit of 52587712?
8
What is the hundred millions digit of 119064090?
1
What is the ten millions digit of 1996066483?
9
What is the hundreds digit of 2999713727?
7
What is the thousands digit of 1258290079?
0
What is the units digit of 72514607?
7
What is the hundred millions digit of 1347141830?
3
What is the ten thousands digit of 8733443?
3
What is the thousands digit of 489469949?
9
What is the thousands digit of 78495228?
5
What is the tens digit of 2411354205?
0
What is the billions digit of 2133343280?
2
What is the hundreds digit of 145110651?
6
What is the millions digit of 507713509?
7
What is the ten millions digit of 23586241?
2
What is the thousands digit of 275436394?
6
What is the ten thousands digit of 28731471?
3
What is the millions digit of 1428022715?
8
What is the hundred millions digit of 250866731?
2
What is the ten millions digit of 86278038?
8
What is the hundreds digit of 1003071643?
6
What is the hundred millions digit of 123517426?
1
What is the units digit of 9679373?
3
What is the units digit of 4749355718?
8
What is the tens digit of 16968644?
4
What is the hundreds digit of 2213586983?
9
What is the millions digit of 39258588?
9
What is the hundreds digit of 1971444271?
2
What is the hundreds digit of 88867783?
7
What is the tens digit of 919467182?
8
What is the tens digit of 467130040?
4
What is the millions digit of 2518321886?
8
What is the thousands digit of 73898518?
8
What is the millions digit of 470207025?
0
What is the tens digit of 1823808445?
4
What is the millions digit of 65256050?
5
What is the hundred thousands digit of 2665935379?
9
What is the hundreds digit of 268258471?
4
What is the tens digit of 26281392?
9
What is the ten thousands digit of 3604552449?
5
What is the hundreds digit of 96832691?
6
What is the units digit of 4057832705?
5
What is the hundreds digit of 419425562?
5
What is the hundred millions digit of 2144113607?
1
What is the tens digit of 68251373?
7
What is the ten thousands digit of 6027282228?
8
What is the ten millions digit of 1454303477?
5
What is the thousands digit of 43469030?
9
What is the units digit of 1297551323?
3
What is the millions digit of 33029450?
3
What is the thousands digit of 1164063531?
3
What is the ten millions digit of 44121158?
4
What is the units digit of 22581541?
1
What is the thousands digit of 533768246?
8
What is the hundreds digit of 345448751?
7
What is the tens digit of 347286316?
1
What is the millions digit of 4633739206?
3
What is the thousands digit of 1852603535?
3
What is the millions digit of 58247710?
8
What is the ten millions digit of 1463268715?
6
What is the hundred thousands digit of 197373057?
3
What is the units digit of 594663629?
9
What is the hundreds digit of 108225751?
7
What is the ten thousands digit of 1907380160?
8
What is the hundred thousands digit of 34248020?
2
What is the millions digit of 1801407433?
1
What is the millions digit of 55221809?
5
What is the thousands digit of 2177244300?
4
What is the millions digit of 205756852?
5
What is the ten millions digit of 103741248?
0
What is the units digit of 8929188?
8
What is the ten thousands digit of 254286961?
8
What is the hundred thousands digit of 218918867?
9
What is the hundred millions digit of 593349990?
5
What is the ten millions digit of 405783232?
0
What is the ten thousands digit of 91880432?
8
What is the hundred millions digit of 4773752696?
7
What is the ten thousands digit of 807470274?
7
What is the ten millions digit of 46708579?
4
What is the hundreds digit of 74677687?
6
What is the millions digit of 709974157?
9
What is the units digit of 123020221?
1
What is the thousands digit of 2673295506?
5
What is the thousands digit of 2188105398?
5
What is the hundred thousands digit of 43855618?
8
What is the ten millions digit of 155579759?
5
What is the hundred thousands digit of 4427624664?
6
What is the thousands digit of 55974925?
4
What is the ten millions digit of 208551976?
0
What is the thousands digit of 233499332?
9
What is the millions digit of 70370214?
0
What is the ten millions digit of 381433686?
8
What is the hundreds digit of 271414680?
6
What is the hundred thousands digit of 75910644?
9
What is the ten millions digit of 42101320?
4
What is the thousands digit of 288043680?
3
What is the hundreds digit of 5513976858?
8
What is the millions digit of 328865656?
8
What is the ten millions digit of 5543914226?
4
What is the units digit of 269848275?
5
What is the hundred millions digit of 218229711?
2
What is the millions digit of 475447406?
5
What is the ten thousands digit of 95819621?
1
What is the hundreds digit of 34877996?
9
What is the ten thousands digit of 33498432?
9
What is the hundreds digit of 117670377?
3
What is the hundred millions digit of 442037525?
4
What is the hundreds digit of 833279732?
7
What is the thousands digit of 292416267?
6
What is the millions digit of 51941604?
1
What is the tens digit of 18220758?
5
What is the hundred millions digit of 2532935184?
5
What is the billions digit of 1510247659?
1
What is the hundred thousands digit of 252713630?
7
What is the hundred thousands digit of 1124078509?
0
What is the ten millions digit of 608169286?
0
What is the millions digit of 103565914?
3
What is the ten thousands digit of 4716113899?
1
What is the hundred thousands digit of 49781670?
7
What is the ten thousands digit of 4176051?
7
What is the millions digit of 419270011?
9
What is the ten thousands digit of 158560471?
6
What is the units digit of 214885847?
7
What is the thousands digit of 9986148?
6
What is the hundreds digit of 197039862?
8
What is the ten millions digit of 426435656?
2
What is the tens digit of 407584870?
7
What is the hundred thousands digit of 2095954784?
9
What is the ten thousands digit of 34009660?
0
What is the units digit of 63506433?
3
What is the ten thousands digit of 62525408?
2
What is the thousands digit of 122051979?
1
What is the ten millions digit of 68789825?
6
What is the hundred thousands digit of 439612180?
6
What is the hundreds digit of 250304017?
0
What is the thousands digit of 39006107?
6
What is the units digit of 1457283212?
2
What is the ten millions digit of 73666278?
7
What is the hundred millions digit of 1778485733?
7
What is the millions digit of 214725090?
4
What is the units digit of 176385073?
3
What is the hundred thousands digit of 662680609?
6
What is the millions digit of 2511452773?
1
What is the hundred thousands digit of 340957827?
9
What is the hundreds digit of 234956707?
7
What is the millions digit of 2848824356?
8
What is the millions digit of 80941239?
0
What is the ten thousands digit of 3307269540?
6
What is the ten thousands digit of 312202306?
0
What is the tens digit of 85531690?
9
What is the hundred thousands digit of 2607395011?
3
What is the units digit of 411346620?
0
What is the hundreds digit of 38840682?
6
What is the tens digit of 2778637908?
0
What is the billions digit of 5322862033?
5
What is the hundred millions digit of 542070774?
5
What is the hundreds digit of 490326752?
7
What is the hundred millions digit of 4410523911?
4
What is the tens digit of 162632779?
7
What is the hundred thousands digit of 190940844?
9
What is the ten thousands digit of 4572265300?
6
What is the hundred millions digit of 757353492?
7
What is the tens digit of 24532052?
5
What is the hundred millions digit of 470098455?
4
What is the tens digit of 1179762776?
7
What is the millions digit of 4716957